{"id":43,"date":"2020-02-14T11:46:32","date_gmt":"2020-02-14T14:46:32","guid":{"rendered":"https:\/\/evento.digital\/saego\/51jabc\/?page_id=43"},"modified":"2022-06-29T22:43:24","modified_gmt":"2022-06-30T01:43:24","slug":"trabalhos","status":"publish","type":"page","link":"https:\/\/evento.digital\/saego\/51jabc\/trabalhos\/","title":{"rendered":"Trabalhos"},"content":{"rendered":"\t\t<div data-elementor-type=\"wp-page\" data-elementor-id=\"43\" class=\"elementor elementor-43\">\n\t\t\t\t\t\t<div class=\"elementor-inner\">\n\t\t\t\t<div class=\"elementor-section-wrap\">\n\t\t\t\t\t\t\t\t\t<section class=\"elementor-section elementor-top-section elementor-element elementor-element-8b49e48 elementor-section-boxed elementor-section-height-default elementor-section-height-default\" data-id=\"8b49e48\" data-element_type=\"section\">\n\t\t\t\t\t\t<div class=\"elementor-container elementor-column-gap-default\">\n\t\t\t\t\t\t\t<div class=\"elementor-row\">\n\t\t\t\t\t<div class=\"elementor-column elementor-col-100 elementor-top-column elementor-element elementor-element-d5cd902\" data-id=\"d5cd902\" data-element_type=\"column\">\n\t\t\t<div class=\"elementor-column-wrap elementor-element-populated\">\n\t\t\t\t\t\t\t<div class=\"elementor-widget-wrap\">\n\t\t\t\t\t\t<div class=\"elementor-element elementor-element-fdb6f4f elementor-widget elementor-widget-spacer\" data-id=\"fdb6f4f\" data-element_type=\"widget\" data-widget_type=\"spacer.default\">\n\t\t\t\t<div class=\"elementor-widget-container\">\n\t\t\t\t\t<div class=\"elementor-spacer\">\n\t\t\t<div class=\"elementor-spacer-inner\"><\/div>\n\t\t<\/div>\n\t\t\t\t<\/div>\n\t\t\t\t<\/div>\n\t\t\t\t<div class=\"elementor-element elementor-element-5546ca1 elementor-widget elementor-widget-heading\" data-id=\"5546ca1\" data-element_type=\"widget\" data-widget_type=\"heading.default\">\n\t\t\t\t<div class=\"elementor-widget-container\">\n\t\t\t<h1 class=\"elementor-heading-title elementor-size-default\">Trabalhos<\/h1>\t\t<\/div>\n\t\t\t\t<\/div>\n\t\t\t\t\t\t<\/div>\n\t\t\t\t\t<\/div>\n\t\t<\/div>\n\t\t\t\t\t\t\t\t<\/div>\n\t\t\t\t\t<\/div>\n\t\t<\/section>\n\t\t\t\t<section class=\"elementor-section elementor-top-section elementor-element elementor-element-b676840 elementor-section-boxed elementor-section-height-default elementor-section-height-default\" data-id=\"b676840\" data-element_type=\"section\">\n\t\t\t\t\t\t<div class=\"elementor-container elementor-column-gap-default\">\n\t\t\t\t\t\t\t<div class=\"elementor-row\">\n\t\t\t\t\t<div class=\"elementor-column elementor-col-100 elementor-top-column elementor-element elementor-element-d35b185\" data-id=\"d35b185\" data-element_type=\"column\">\n\t\t\t<div class=\"elementor-column-wrap elementor-element-populated\">\n\t\t\t\t\t\t\t<div class=\"elementor-widget-wrap\">\n\t\t\t\t\t\t<div class=\"elementor-element elementor-element-d8de7b7 elementor-widget elementor-widget-text-editor\" data-id=\"d8de7b7\" data-element_type=\"widget\" data-widget_type=\"text-editor.default\">\n\t\t\t\t<div class=\"elementor-widget-container\">\n\t\t\t\t\t\t\t\t<div class=\"elementor-text-editor elementor-clearfix\">\n\t\t\t\t<p><strong>DATA LIMITE PARA INSCRI\u00c7\u00d5ES DE TRABALHOS: 05\/07\/2022<\/strong><\/p><p>Antes de redigir o seu trabalho, leia atentamente todas as informa\u00e7\u00f5es deste regulamento. Os resumos fora das especifica\u00e7\u00f5es ser\u00e3o exclu\u00eddos.<\/p><p>O congresso receber\u00e1 a inscri\u00e7\u00e3o de resumos para a sele\u00e7\u00e3o dos trabalhos na forma de E-P\u00d4STERES, conforme orienta\u00e7\u00f5es a seguir:<\/p><p><strong><em><u>INSCRI\u00c7\u00d5ES:<\/u><\/em><\/strong><\/p><ol><li>A inscri\u00e7\u00e3o dos resumos dever\u00e1 ser efetuada por um autor j\u00e1 inscrito na Jornada.<\/li><li>Encaminhar os resumos atrav\u00e9s do site (n\u00e3o ser\u00e3o aceitos resumos enviados via e-mail);<\/li><li>Para efetuar a inscri\u00e7\u00e3o do resumo \u00e9 necess\u00e1rio que um dos autores esteja inscrito na Jornada;<\/li><li>N\u00e3o ser\u00e3o aceitas inscri\u00e7\u00f5es de trabalhos via correio, mensagem eletr\u00f4nica, e-mail ou carta.<\/li><\/ol><ol start=\"4\"><li>Qualquer um dos autores poder\u00e3o apresentar o trabalho, desde que esteja devidamente inscrito na Jornada.<\/li><\/ol><p>Aceitaremos trabalhos referente a Relato de Caso, Estudo Cl\u00ednico ou Experimental e Revis\u00e3o de Literatura com temas de Anestesiologia:<\/p><ol><li>Relatar se h\u00e1 conflito de interesses.<\/li><li>O resumo dever\u00e1 ter no m\u00e1ximo 3.000 caracteres, incluindo nome e t\u00edtulo, sem gr\u00e1ficos ou ilustra\u00e7\u00f5es;<\/li><li>Dever\u00e1 conter no m\u00e1ximo 06 (seis) autores por trabalho;<\/li><li>N\u00e3o utilizar par\u00e1grafos;<\/li><li>No caso de abreviaturas e siglas, explic\u00e1-las na primeira vez que forem usadas.<\/li><li>N\u00e3o iniciar senten\u00e7a com numeral;<\/li><li>O trabalho dever\u00e1 ser apresentado de forma estruturada: Introdu\u00e7\u00e3o, M\u00e9todos, Resultados e Conclus\u00e3o;<\/li><li>Refer\u00eancias bibliogr\u00e1ficas n\u00e3o devem ser inclu\u00eddas no texto;<\/li><li>Os resultados devem ser expostos de modo claro e a conclus\u00e3o baseada nos dados apresentados. Resumos incompletos (exemplo: \u201cOs resultados ser\u00e3o apresentados e discutidos\u2026\u201d) n\u00e3o ser\u00e3o aceitos para apresenta\u00e7\u00e3o;<\/li><li>A comunica\u00e7\u00e3o da aprova\u00e7\u00e3o do trabalho ser\u00e1 divulgada no site da Jornada e atrav\u00e9s do e-mail cadastrado;<\/li><\/ol><p>Leia atentamente as orienta\u00e7\u00f5es sobre o processo de submiss\u00e3o visando garantir o envio correto do resumo do trabalho cient\u00edfico;<\/p><p>\u00c1reas:<\/p><ul><li>&#8211; Anestesia obst\u00e9trica;<\/li><li>&#8211; Anestesia pedi\u00e1trica;<\/li><li>&#8211; Anestesia cardiotor\u00e1cica;<\/li><li>&#8211; Anestesia geri\u00e1trica;<\/li><li>&#8211; Reposi\u00e7\u00e3o vol\u00eamica;<\/li><li>&#8211; Monitoriza\u00e7\u00e3o;<\/li><li>&#8211; Farmacologia aplicada;<\/li><li>&#8211; Dor;<\/li><li>&#8211; Terapia intensiva;<\/li><li>&#8211; Via a\u00e9rea dif\u00edcil;<\/li><li>&#8211; Obesidade e anestesia;<\/li><li>&#8211; Complica\u00e7\u00f5es em anestesia;<\/li><li>&#8211; Medicina perioperat\u00f3ria.<\/li><\/ul><p><strong><em><u>Premia\u00e7\u00e3o<\/u><\/em><\/strong><\/p><p>Os melhores trabalhos ser\u00e3o premiados com certifica\u00e7\u00e3o especial. A lista dos vencedores ser\u00e1 divulgada no site da Jornada. \u00a0Os crit\u00e9rios para pontua\u00e7\u00e3o e premia\u00e7\u00e3o ser\u00e3o segundo:<\/p><ul><li>&#8211; Relev\u00e2ncia do tema (originalidade, import\u00e2ncia e aplicabilidade);<\/li><li>&#8211; Clareza da reda\u00e7\u00e3o;<\/li><li>&#8211; Metodologia cient\u00edfica;<\/li><li>&#8211; Qualidade das conclus\u00f5es (coerentes com os resultados \/ ajudam a resolver as perguntas feitas);<\/li><li>&#8211; Interesse para publica\u00e7\u00e3o.<\/li><\/ul><p><strong><em><u>Orienta\u00e7\u00f5es sobre o processo de submiss\u00e3o e apresenta\u00e7\u00e3o do e-p\u00f4ster<\/u><\/em><\/strong><\/p><ol><li>Prepare o p\u00f4ster e salve no formato PDF antes do envio;<\/li><li>O t\u00edtulo do p\u00f4ster deve ser id\u00eantico ao resumo enviado previamente para avalia\u00e7\u00e3o;<\/li><li>Abaixo do t\u00edtulo, inclua o nome do(s) autor(es) e sua(s) respectiva(s) institui\u00e7\u00e3o(\u00f5es);<\/li><li>\u00c9 permitido usar tabelas, gr\u00e1ficos, figuras e fotos;<\/li><li>A submiss\u00e3o dentro do prazo estipulado \u00e9 de responsabilidade do autor. A Comiss\u00e3o Organizadora da Jornada n\u00e3o se responsabilizar\u00e1 por trabalhos entregues fora da data;<\/li><\/ol><p>O prazo para envio do e-p\u00f4ster ser\u00e1 at\u00e9 <strong>05 de agosto de 2022<\/strong>;<\/p><p>No hor\u00e1rio agendado, o autor dever\u00e1 estar presente e ir\u00e1 dispor de 10 minutos para expor a sua pesquisa, al\u00e9m de responder \u00e0s perguntas dos debatedores designados e visitantes;<\/p><p>\u00c9 obrigat\u00f3rio o(a) autor(a) estar inscrito para a apresenta\u00e7\u00e3o do trabalho. A apresenta\u00e7\u00e3o deste n\u00e3o prev\u00ea o pagamento de honor\u00e1rios, estadia ou passagem a\u00e9rea, que ficam sob responsabilidade do(a) autor(a)do trabalho.<\/p>\t\t\t\t\t<\/div>\n\t\t\t\t\t\t<\/div>\n\t\t\t\t<\/div>\n\t\t\t\t<div class=\"elementor-element elementor-element-b584f79 elementor-align-justify elementor-widget elementor-widget-button\" data-id=\"b584f79\" data-element_type=\"widget\" data-widget_type=\"button.default\">\n\t\t\t\t<div class=\"elementor-widget-container\">\n\t\t\t\t\t<div class=\"elementor-button-wrapper\">\n\t\t\t<a href=\"https:\/\/web.eventogyn.com.br\/event\/51jabc\/site\/content\/area-do-participante\" target=\"_blank\" class=\"elementor-button-link elementor-button elementor-size-sm\" role=\"button\">\n\t\t\t\t\t\t<span class=\"elementor-button-content-wrapper\">\n\t\t\t\t\t\t<span class=\"elementor-button-text\">Enviar Trabalho<\/span>\n\t\t<\/span>\n\t\t\t\t\t<\/a>\n\t\t<\/div>\n\t\t\t\t<\/div>\n\t\t\t\t<\/div>\n\t\t\t\t\t\t<\/div>\n\t\t\t\t\t<\/div>\n\t\t<\/div>\n\t\t\t\t\t\t\t\t<\/div>\n\t\t\t\t\t<\/div>\n\t\t<\/section>\n\t\t\t\t\t\t\t\t\t<\/div>\n\t\t\t<\/div>\n\t\t\t\t\t<\/div>\n\t\t","protected":false},"excerpt":{"rendered":"<p>Trabalhos DATA LIMITE PARA INSCRI\u00c7\u00d5ES DE TRABALHOS: 05\/07\/2022 Antes de redigir o seu trabalho, leia atentamente todas as informa\u00e7\u00f5es deste regulamento. Os resumos fora das especifica\u00e7\u00f5es ser\u00e3o exclu\u00eddos. O congresso receber\u00e1 a inscri\u00e7\u00e3o de resumos para a sele\u00e7\u00e3o dos trabalhos na forma de E-P\u00d4STERES, conforme orienta\u00e7\u00f5es a seguir: INSCRI\u00c7\u00d5ES: A inscri\u00e7\u00e3o dos resumos dever\u00e1 ser [&hellip;]<\/p>\n","protected":false},"author":1,"featured_media":0,"parent":0,"menu_order":0,"comment_status":"closed","ping_status":"closed","template":"elementor_header_footer","meta":[],"yst_prominent_words":[],"_links":{"self":[{"href":"https:\/\/evento.digital\/saego\/51jabc\/wp-json\/wp\/v2\/pages\/43"}],"collection":[{"href":"https:\/\/evento.digital\/saego\/51jabc\/wp-json\/wp\/v2\/pages"}],"about":[{"href":"https:\/\/evento.digital\/saego\/51jabc\/wp-json\/wp\/v2\/types\/page"}],"author":[{"embeddable":true,"href":"https:\/\/evento.digital\/saego\/51jabc\/wp-json\/wp\/v2\/users\/1"}],"replies":[{"embeddable":true,"href":"https:\/\/evento.digital\/saego\/51jabc\/wp-json\/wp\/v2\/comments?post=43"}],"version-history":[{"count":17,"href":"https:\/\/evento.digital\/saego\/51jabc\/wp-json\/wp\/v2\/pages\/43\/revisions"}],"predecessor-version":[{"id":281,"href":"https:\/\/evento.digital\/saego\/51jabc\/wp-json\/wp\/v2\/pages\/43\/revisions\/281"}],"wp:attachment":[{"href":"https:\/\/evento.digital\/saego\/51jabc\/wp-json\/wp\/v2\/media?parent=43"}],"wp:term":[{"taxonomy":"yst_prominent_words","embeddable":true,"href":"https:\/\/evento.digital\/saego\/51jabc\/wp-json\/wp\/v2\/yst_prominent_words?post=43"}],"curies":[{"name":"wp","href":"https:\/\/api.w.org\/{rel}","templated":true}]}}